{"id":1454,"date":"2018-05-08T00:18:29","date_gmt":"2018-05-08T00:18:29","guid":{"rendered":"http:\/\/www.grandyaylaotel.com\/?page_id=1454"},"modified":"2018-05-11T00:50:47","modified_gmt":"2018-05-11T00:50:47","slug":"cesme","status":"publish","type":"page","link":"http:\/\/www.grandyaylaotel.com\/?page_id=1454","title":{"rendered":"\u00c7e\u015fme"},"content":{"rendered":"<p>\u00c7e\u015fme Kalesi<\/p>\n<p>1508 y\u0131l\u0131nda Osmanl\u0131 Padi\u015fah\u0131 2. Beyaz\u0131t taraf\u0131ndan yapt\u0131r\u0131lm\u0131\u015ft\u0131r. Kalenin ilk in\u015faat\u0131 tam deniz k\u0131y\u0131s\u0131na yap\u0131lm\u0131\u015ft\u0131. Ancak, sonraki y\u0131llarda denizin doldurulmas\u0131 sonucu bug\u00fcnk\u00fc halini alm\u0131\u015ft\u0131r. Kale ve Liman, ticaret ve sava\u015f gemilerini k\u00f6t\u00fc hava ko\u015fullar\u0131na ve d\u00fc\u015fman sald\u0131r\u0131lar\u0131na kar\u015f\u0131 korumaktayd\u0131. Kalenin g\u00fcney kap\u0131s\u0131, Osmanl\u0131 mimarisinin b\u00fct\u00fcn \u00f6zelliklerini ta\u015f\u0131maktad\u0131r. Kale i\u00e7inde m\u00fcze mevcut olup, m\u00fczede Ild\u0131r\u0131 (Eritre)\u2019den \u00e7\u0131kar\u0131lan arkeolojik eserler sergilenmektedir.<\/p>\n<p>Tarihi Kervansaray<br \/>\n1529 y\u0131l\u0131nda Kanuni Sultan S\u00fcleyman taraf\u0131ndan yapt\u0131r\u0131lan iki katl\u0131 kervansaray, tipik Osmanl\u0131 d\u00f6nemi kervansaraylar\u0131ndan biridir. Bir benzeri de Ku\u015fadas\u0131\u2019nda (\u00d6k\u00fcz Mehmet Pa\u015fa Kervansaray\u0131) bulunan yap\u0131n\u0131n mimar\u0131 Ali Pabu\u00e7\u00e7u\u2019nun o\u011flu \u00d6mer\u2019dir. \u201cU\u201d bi\u00e7iminde bir plana sahip olan yap\u0131n\u0131n ortas\u0131nda geni\u015f bir avlu, bu avlunun \u00e7evresinde de d\u00fckkan, depo ve odalar yer almaktad\u0131r. Bir veya birka\u00e7 merdivenle birinci kata \u00e7\u0131k\u0131l\u0131r, buras\u0131 da bi\u00e7im bak\u0131m\u0131ndan zemin kat\u0131na benzer. Yolcular \u00f6zellikle yabanc\u0131 t\u00fcccarlard\u0131r. Bunlar oralarda ya hayvanlar\u0131yla geceyi ge\u00e7irebilecekleri bir konut veya \u015fehirlerde mallar\u0131n\u0131 koyacak ve satacak bir yer bulurlar. Kervansaray\u0131n restorasyonu tan\u0131mlamakta olup, otel olarak g\u00fcn\u00fcm\u00fczde hizmet vermektedir<\/p>\n<p>Tarihi \u00c7e\u015fmeler<br \/>\n\u00c7e\u015fme\u2019nin tipik Ege mimarisi \u00f6zelliklerine sahip pek \u00e7ok yap\u0131s\u0131n\u0131n yan\u0131s\u0131ra, ad\u0131n\u0131 ald\u0131\u011f\u0131 Osmanl\u0131 d\u00f6nemi \u00e7e\u015fmeleri de, bu mimari zenginli\u011fe ayr\u0131 bir de\u011fer kazand\u0131r\u0131r. \u0130l\u00e7e merkezi plan\u0131nda yerleri belirlenen bu \u00e7e\u015fmelerden Anonim \u00c7e\u015fme 1792 y\u0131l\u0131nda, Kaymakam \u00c7e\u015fme de 1829 y\u0131l\u0131nda yapt\u0131r\u0131lm\u0131\u015ft\u0131r.<\/p>\n<p>T\u00fcrbeler<br \/>\n18. Y\u00fczy\u0131la ait alt\u0131gen planl\u0131 bir t\u00fcrbedir. Osmanl\u0131 t\u00fcrbe mimarisinin temel karakteristiklerini yans\u0131tmaktad\u0131r. \u0130l\u00e7e merkezi plan\u0131nda yeri belirlenmi\u015ftir.<\/p>\n<p>Camiler<br \/>\nCamilerin t\u00fcm\u00fc 19. Y\u00fczy\u0131la aittir. Bug\u00fcn kullan\u0131lmakta olan bu camilerden Hac\u0131 Memi\u015f Camii 1832 y\u0131l\u0131nda, Hac\u0131 Mehmet Camii 1842 y\u0131l\u0131nda in\u015fa edilmi\u015ftir.<\/p>\n<p>\u00c7e\u015fmek\u00f6y<br \/>\n\u201cEski Camii\u201d olarak da an\u0131lan yer, \u00c7e\u015fme il\u00e7e merkezinin 2 Km. g\u00fcneyindedir. Bizans egemenli\u011fi s\u0131ras\u0131nda 1. K\u0131l\u0131\u00e7 Arslan`\u0131n kay\u0131npederi Emir \u00c7aka, yar\u0131maday\u0131 ele ge\u00e7irince, 1081 y\u0131llar\u0131ndan \u00c7e\u015fme`ye gelmi\u015f ve O\u011fuz Boylar\u0131ndan gelen T\u00fcrkleri bu merkeze yerle\u015ftirmi\u015ftir. Halen bir cami kal\u0131nt\u0131s\u0131 ve geni\u015f mezarl\u0131\u011f\u0131yla 11. Y\u00fczy\u0131l T\u00fcrk yerle\u015fmelerine ait ilgin\u00e7 bir \u00f6rnektir.<\/p>\n<p>Erythrai, \u00c7e\u015fme merkezine 27 Km. uzakl\u0131kta k\u00fc\u00e7\u00fck adac\u0131klar\u0131 olan g\u00fczel bir koyun \u00fczerinde kurulmu\u015ftur. Arkeolojik kal\u0131nt\u0131larda M.\u00d6. 3000 de Erythoros y\u00f6netiminde olan kolonistler taraf\u0131ndan kuruldu\u011fu anla\u015f\u0131lmaktad\u0131r. \u015eehrin kurulu\u015funu m\u00fcteakip bir s\u00fcre krall\u0131kla y\u00f6netildi\u011fi bilinmektedir. M.\u00d6. 7. y.y. da iyon \u015fehirleri aras\u0131nda olu\u015fturulan dini ve siyasi birlik olan \u201cPanionion\u201d a girmi\u015ftir. Pers egemenli\u011finden kurtulmak i\u00e7in gerek Yunanistan`daki ve gerekse Anadolu`daki \u015fehirlerin s\u0131k s\u0131k giri\u015fimlerde bulunduklar\u0131 bilinmektedir.<\/p>\n","protected":false},"excerpt":{"rendered":"<p>\u00c7e\u015fme Kalesi 1508 y\u0131l\u0131nda Osmanl\u0131 Padi\u015fah\u0131 2. Beyaz\u0131t taraf\u0131ndan yapt\u0131r\u0131lm\u0131\u015ft\u0131r. Kalenin ilk in\u015faat\u0131 tam deniz k\u0131y\u0131s\u0131na yap\u0131lm\u0131\u015ft\u0131. Ancak, sonraki y\u0131llarda&hellip;<\/p>\n","protected":false},"author":1,"featured_media":0,"parent":0,"menu_order":0,"comment_status":"closed","ping_status":"closed","template":"","meta":{"ngg_post_thumbnail":0,"footnotes":""},"class_list":["post-1454","page","type-page","status-publish","hentry"],"yoast_head":"<!-- This site is optimized with the Yoast SEO plugin v27.5 - https:\/\/yoast.com\/product\/yoast-seo-wordpress\/ -->\n<title>\u00c7e\u015fme - Grand Yayla Otel<\/title>\n<meta name=\"robots\" content=\"index, follow, max-snippet:-1, max-image-preview:large, max-video-preview:-1\" \/>\n<link rel=\"canonical\" href=\"http:\/\/www.grandyaylaotel.com\/?page_id=1454\" \/>\n<meta property=\"og:locale\" content=\"tr_TR\" \/>\n<meta property=\"og:type\" content=\"article\" \/>\n<meta property=\"og:title\" content=\"\u00c7e\u015fme - Grand Yayla Otel\" \/>\n<meta property=\"og:description\" content=\"\u00c7e\u015fme Kalesi 1508 y\u0131l\u0131nda Osmanl\u0131 Padi\u015fah\u0131 2. Beyaz\u0131t taraf\u0131ndan yapt\u0131r\u0131lm\u0131\u015ft\u0131r. Kalenin ilk in\u015faat\u0131 tam deniz k\u0131y\u0131s\u0131na yap\u0131lm\u0131\u015ft\u0131. Ancak, sonraki y\u0131llarda&hellip;\" \/>\n<meta property=\"og:url\" content=\"http:\/\/www.grandyaylaotel.com\/?page_id=1454\" \/>\n<meta property=\"og:site_name\" content=\"Grand Yayla Otel\" \/>\n<meta property=\"article:modified_time\" content=\"2018-05-11T00:50:47+00:00\" \/>\n<meta name=\"twitter:card\" content=\"summary_large_image\" \/>\n<meta name=\"twitter:label1\" content=\"Tahmini okuma s\u00fcresi\" \/>\n\t<meta name=\"twitter:data1\" content=\"3 dakika\" \/>\n<script type=\"application\/ld+json\" class=\"yoast-schema-graph\">{\"@context\":\"https:\\\/\\\/schema.org\",\"@graph\":[{\"@type\":\"WebPage\",\"@id\":\"http:\\\/\\\/www.grandyaylaotel.com\\\/?page_id=1454\",\"url\":\"http:\\\/\\\/www.grandyaylaotel.com\\\/?page_id=1454\",\"name\":\"\u00c7e\u015fme - Grand Yayla Otel\",\"isPartOf\":{\"@id\":\"http:\\\/\\\/www.grandyaylaotel.com\\\/#website\"},\"datePublished\":\"2018-05-08T00:18:29+00:00\",\"dateModified\":\"2018-05-11T00:50:47+00:00\",\"breadcrumb\":{\"@id\":\"http:\\\/\\\/www.grandyaylaotel.com\\\/?page_id=1454#breadcrumb\"},\"inLanguage\":\"tr\",\"potentialAction\":[{\"@type\":\"ReadAction\",\"target\":[\"http:\\\/\\\/www.grandyaylaotel.com\\\/?page_id=1454\"]}]},{\"@type\":\"BreadcrumbList\",\"@id\":\"http:\\\/\\\/www.grandyaylaotel.com\\\/?page_id=1454#breadcrumb\",\"itemListElement\":[{\"@type\":\"ListItem\",\"position\":1,\"name\":\"Anasayfa\",\"item\":\"http:\\\/\\\/www.grandyaylaotel.com\\\/\"},{\"@type\":\"ListItem\",\"position\":2,\"name\":\"\u00c7e\u015fme\"}]},{\"@type\":\"WebSite\",\"@id\":\"http:\\\/\\\/www.grandyaylaotel.com\\\/#website\",\"url\":\"http:\\\/\\\/www.grandyaylaotel.com\\\/\",\"name\":\"\u00c7e\u015fme Grand Yayla Otel\",\"description\":\"&Ccedil;E\u015eME \\\/ \u0130ZM\u0130R\",\"publisher\":{\"@id\":\"http:\\\/\\\/www.grandyaylaotel.com\\\/#organization\"},\"potentialAction\":[{\"@type\":\"SearchAction\",\"target\":{\"@type\":\"EntryPoint\",\"urlTemplate\":\"http:\\\/\\\/www.grandyaylaotel.com\\\/?s={search_term_string}\"},\"query-input\":{\"@type\":\"PropertyValueSpecification\",\"valueRequired\":true,\"valueName\":\"search_term_string\"}}],\"inLanguage\":\"tr\"},{\"@type\":\"Organization\",\"@id\":\"http:\\\/\\\/www.grandyaylaotel.com\\\/#organization\",\"name\":\"\u00c7e\u015fme Grand Yayla Otel\",\"url\":\"http:\\\/\\\/www.grandyaylaotel.com\\\/\",\"logo\":{\"@type\":\"ImageObject\",\"inLanguage\":\"tr\",\"@id\":\"http:\\\/\\\/www.grandyaylaotel.com\\\/#\\\/schema\\\/logo\\\/image\\\/\",\"url\":\"http:\\\/\\\/www.grandyaylaotel.com\\\/wp-content\\\/uploads\\\/2019\\\/02\\\/cropped-logo.png\",\"contentUrl\":\"http:\\\/\\\/www.grandyaylaotel.com\\\/wp-content\\\/uploads\\\/2019\\\/02\\\/cropped-logo.png\",\"width\":1800,\"height\":800,\"caption\":\"\u00c7e\u015fme Grand Yayla Otel\"},\"image\":{\"@id\":\"http:\\\/\\\/www.grandyaylaotel.com\\\/#\\\/schema\\\/logo\\\/image\\\/\"}}]}<\/script>\n<!-- \/ Yoast SEO plugin. -->","yoast_head_json":{"title":"\u00c7e\u015fme - Grand Yayla Otel","robots":{"index":"index","follow":"follow","max-snippet":"max-snippet:-1","max-image-preview":"max-image-preview:large","max-video-preview":"max-video-preview:-1"},"canonical":"http:\/\/www.grandyaylaotel.com\/?page_id=1454","og_locale":"tr_TR","og_type":"article","og_title":"\u00c7e\u015fme - Grand Yayla Otel","og_description":"\u00c7e\u015fme Kalesi 1508 y\u0131l\u0131nda Osmanl\u0131 Padi\u015fah\u0131 2. Beyaz\u0131t taraf\u0131ndan yapt\u0131r\u0131lm\u0131\u015ft\u0131r. Kalenin ilk in\u015faat\u0131 tam deniz k\u0131y\u0131s\u0131na yap\u0131lm\u0131\u015ft\u0131. Ancak, sonraki y\u0131llarda&hellip;","og_url":"http:\/\/www.grandyaylaotel.com\/?page_id=1454","og_site_name":"Grand Yayla Otel","article_modified_time":"2018-05-11T00:50:47+00:00","twitter_card":"summary_large_image","twitter_misc":{"Tahmini okuma s\u00fcresi":"3 dakika"},"schema":{"@context":"https:\/\/schema.org","@graph":[{"@type":"WebPage","@id":"http:\/\/www.grandyaylaotel.com\/?page_id=1454","url":"http:\/\/www.grandyaylaotel.com\/?page_id=1454","name":"\u00c7e\u015fme - Grand Yayla Otel","isPartOf":{"@id":"http:\/\/www.grandyaylaotel.com\/#website"},"datePublished":"2018-05-08T00:18:29+00:00","dateModified":"2018-05-11T00:50:47+00:00","breadcrumb":{"@id":"http:\/\/www.grandyaylaotel.com\/?page_id=1454#breadcrumb"},"inLanguage":"tr","potentialAction":[{"@type":"ReadAction","target":["http:\/\/www.grandyaylaotel.com\/?page_id=1454"]}]},{"@type":"BreadcrumbList","@id":"http:\/\/www.grandyaylaotel.com\/?page_id=1454#breadcrumb","itemListElement":[{"@type":"ListItem","position":1,"name":"Anasayfa","item":"http:\/\/www.grandyaylaotel.com\/"},{"@type":"ListItem","position":2,"name":"\u00c7e\u015fme"}]},{"@type":"WebSite","@id":"http:\/\/www.grandyaylaotel.com\/#website","url":"http:\/\/www.grandyaylaotel.com\/","name":"\u00c7e\u015fme Grand Yayla Otel","description":"&Ccedil;E\u015eME \/ \u0130ZM\u0130R","publisher":{"@id":"http:\/\/www.grandyaylaotel.com\/#organization"},"potentialAction":[{"@type":"SearchAction","target":{"@type":"EntryPoint","urlTemplate":"http:\/\/www.grandyaylaotel.com\/?s={search_term_string}"},"query-input":{"@type":"PropertyValueSpecification","valueRequired":true,"valueName":"search_term_string"}}],"inLanguage":"tr"},{"@type":"Organization","@id":"http:\/\/www.grandyaylaotel.com\/#organization","name":"\u00c7e\u015fme Grand Yayla Otel","url":"http:\/\/www.grandyaylaotel.com\/","logo":{"@type":"ImageObject","inLanguage":"tr","@id":"http:\/\/www.grandyaylaotel.com\/#\/schema\/logo\/image\/","url":"http:\/\/www.grandyaylaotel.com\/wp-content\/uploads\/2019\/02\/cropped-logo.png","contentUrl":"http:\/\/www.grandyaylaotel.com\/wp-content\/uploads\/2019\/02\/cropped-logo.png","width":1800,"height":800,"caption":"\u00c7e\u015fme Grand Yayla Otel"},"image":{"@id":"http:\/\/www.grandyaylaotel.com\/#\/schema\/logo\/image\/"}}]}},"_links":{"self":[{"href":"http:\/\/www.grandyaylaotel.com\/index.php?rest_route=\/wp\/v2\/pages\/1454","targetHints":{"allow":["GET"]}}],"collection":[{"href":"http:\/\/www.grandyaylaotel.com\/index.php?rest_route=\/wp\/v2\/pages"}],"about":[{"href":"http:\/\/www.grandyaylaotel.com\/index.php?rest_route=\/wp\/v2\/types\/page"}],"author":[{"embeddable":true,"href":"http:\/\/www.grandyaylaotel.com\/index.php?rest_route=\/wp\/v2\/users\/1"}],"replies":[{"embeddable":true,"href":"http:\/\/www.grandyaylaotel.com\/index.php?rest_route=%2Fwp%2Fv2%2Fcomments&post=1454"}],"version-history":[{"count":2,"href":"http:\/\/www.grandyaylaotel.com\/index.php?rest_route=\/wp\/v2\/pages\/1454\/revisions"}],"predecessor-version":[{"id":1492,"href":"http:\/\/www.grandyaylaotel.com\/index.php?rest_route=\/wp\/v2\/pages\/1454\/revisions\/1492"}],"wp:attachment":[{"href":"http:\/\/www.grandyaylaotel.com\/index.php?rest_route=%2Fwp%2Fv2%2Fmedia&parent=1454"}],"curies":[{"name":"wp","href":"https:\/\/api.w.org\/{rel}","templated":true}]}}